{"id":150,"date":"2021-03-24T15:22:27","date_gmt":"2021-03-24T13:22:27","guid":{"rendered":"http:\/\/guia-practicum-dificultats-aprenentatge-test.recursos.uoc.edu\/guia-estudiantes\/?page_id=150"},"modified":"2021-03-30T09:35:16","modified_gmt":"2021-03-30T07:35:16","slug":"3-3-1-introduccio","status":"publish","type":"page","link":"http:\/\/guia-practicum-dificultats-aprenentatge-test.recursos.uoc.edu\/guia-estudiantes\/3-3-1-introduccio\/","title":{"rendered":"3.3.1. Introducci\u00f3"},"content":{"rendered":"<p>En el sistema universitari espanyol les titulacions de grau habiliten per a l&#8217;exercici professional. En canvi, els m\u00e0sters universitaris ofereixen una formaci\u00f3 avan\u00e7ada, de car\u00e0cter especialitzat o multidisciplinari, orientada a l&#8217;especialitzaci\u00f3 acad\u00e8mica o professional, o b\u00e9 a promoure la iniciaci\u00f3 en tasques de recerca.<\/p>\n<p>Per tant, el m\u00e0ster universitari de Dificultats de l&#8217;Aprenentatge i Trastorns del Llenguatge complementa, amplia i especialitza la formaci\u00f3 que l&#8217;estudiant ha adquirit en la seva titulaci\u00f3 de grau. \u00c9s a dir, l&#8217;estudiant podr\u00e0 fer en el seu exercici professional aquelles funcions que s\u00f3n pr\u00f2pies de la seva titulaci\u00f3 de grau.<\/p>\n<p>Per aquest motiu, \u00e9s necessari que el tutor o la tutora del centre de pr\u00e0ctiques posseeixi la mateixa titulaci\u00f3 de l&#8217;estudiant del m\u00e0ster al qual tutoritzar\u00e0 o que, malgrat no tenir la mateixa titulaci\u00f3, faci tasques que s\u00f3n pr\u00f2pies de la titulaci\u00f3. Aix\u00f2 implica que els llocs on es pot dur a terme el Pr\u00e0cticum tinguin com a principal restricci\u00f3 el fet de tenir un tutor o tutora que compleixi aquestes caracter\u00edstiques. En la taula 4 s&#8217;exposen els principals llocs en els quals es poden fer les pr\u00e0ctiques del m\u00e0ster segons la titulaci\u00f3 de grau de la qual disposa l&#8217;estudiant, aix\u00ed com el perfil requerit del tutor o tutora.<\/p>\n<div class=\"tabletitle\"><p>Taula 4. Vinculaci\u00f3 entre titulaci\u00f3 de l&#8217;estudiant, tipologia de centre de Pr\u00e0cticum professionalitzador i titulaci\u00f3 del tutor de Pr\u00e0cticum<\/p>\n<\/div>\n<table width=\"586\">\n<tbody>\n<tr>\n<td width=\"189\"><strong>Titulaci\u00f3 de l&#8217;estudiant<\/strong><\/td>\n<td width=\"180\"><strong>Centre de Pr\u00e0cticum professionalitzador<\/strong><\/td>\n<td width=\"217\"><strong>Titulaci\u00f3 del tutor de Pr\u00e0cticum<\/strong><\/td>\n<\/tr>\n<tr>\n<td rowspan=\"2\" width=\"189\">Diplomatura\/llicenciatura de Magisteri o grau\/bachelor de Mestre (de qualsevol especialitat)<\/td>\n<td rowspan=\"2\" width=\"180\">Centres educatius ordinaris Centres d&#8217;educaci\u00f3 especial (p\u00fablics o privats)<\/td>\n<td width=\"217\">Mestre d&#8217;Educaci\u00f3 Especial, especialista en Pedagogia Terap\u00e8utica<\/td>\n<\/tr>\n<tr>\n<td width=\"217\">Mestre d&#8217;Educaci\u00f3 Especial, especialista en Audici\u00f3 i Llenguatge<\/td>\n<\/tr>\n<tr>\n<td rowspan=\"2\" width=\"189\">Diplomatura\/llicenciatura de Magisteri o grau\/bachelor de Mestre (de qualsevol especialitat)<\/td>\n<td rowspan=\"2\" width=\"180\">\u00a0Serveis educatius<\/td>\n<td width=\"217\">Mestre d&#8217;Educaci\u00f3 Especial, especialista en Pedagogia Terap\u00e8utica<\/td>\n<\/tr>\n<tr>\n<td width=\"217\">Mestre d&#8217;Educaci\u00f3 Especial, especialista en Audici\u00f3 i Llenguatge<\/td>\n<\/tr>\n<tr>\n<td width=\"189\">Llicenciatura, grau o bachelor en Psicopedagogia, llicenciatura, grau o bachelor en Psicologia, llicenciatura, grau o bachelor en Pedagogia<\/td>\n<td width=\"180\">Centres educatius ordinaris Centres d&#8217;educaci\u00f3 especial (p\u00fablics o privats)<\/p>\n<p>Serveis educatius<\/td>\n<td width=\"217\">Psicopedagog, psic\u00f2leg o pedagog<\/td>\n<\/tr>\n<tr>\n<td width=\"189\">Diplomatura, llicenciatura, grau o bachelor en Logop\u00e8dia<\/td>\n<td width=\"180\">Serveis educatius<\/td>\n<td width=\"217\">Logopeda, especialista en Audici\u00f3 i Llenguatge<\/td>\n<\/tr>\n<tr>\n<td width=\"189\">Llicenciatura, grau o bachelor en Psicopedagogia<\/td>\n<td rowspan=\"4\" width=\"180\">Institucions d&#8217;atenci\u00f3 a persones amb dificultats de l&#8217;aprenentatge i\/o trastorns del llenguatge (gabinets p\u00fablics o privats, cl\u00edniques, hospitals, etc.)<\/td>\n<td width=\"217\">Psicopedagog<\/td>\n<\/tr>\n<tr>\n<td width=\"189\">Llicenciatura, grau o bachelor en Psicologia<\/td>\n<td width=\"217\">Psic\u00f2leg<\/td>\n<\/tr>\n<tr>\n<td width=\"189\">Llicenciatura, grau o bachelor en Pedagogia<\/td>\n<td width=\"217\">Pedagog<\/td>\n<\/tr>\n<tr>\n<td width=\"189\">Diplomatura, llicenciatura, grau o bachelor en Logop\u00e8dia<\/td>\n<td width=\"217\">Logopeda<\/td>\n<\/tr>\n<tr>\n<td width=\"189\">Diplomatura, llicenciatura, grau o bachelor en Educaci\u00f3 Social<\/td>\n<td width=\"180\">Centres d&#8217;educaci\u00f3 especial, unitats d&#8217;escolaritzaci\u00f3 compartida, hospitals, hospitals de dia, centres sociosanitaris ocupacionals, serveis d&#8217;atenci\u00f3 a la inf\u00e0ncia en risc, serveis per a la promoci\u00f3 de l&#8217;autonomia personal i atenci\u00f3 a la depend\u00e8ncia, etc.<\/td>\n<td width=\"217\">Educador social<\/td>\n<\/tr>\n<\/tbody>\n<\/table>\n<p>En el cas de Catalunya, la UOC t\u00e9 un conveni marc amb el Departament d&#8217;Educaci\u00f3 perqu\u00e8 els estudiants del m\u00e0ster puguin fer el Pr\u00e0cticum en els centres d&#8217;infantil, prim\u00e0ria i secund\u00e0ria i en els serveis educatius de titularitat p\u00fablica d&#8217;aquest departament. Per tant, no cal signar cap conveni de pr\u00e0ctiques, at\u00e8s que ja disposem del conveni marc.<\/p>\n<p>Cal destacar que les places per als serveis educatius s\u00f3n limitades, ja que es distribueixen i s&#8217;adjudiquen entre totes les universitats de Catalunya. Aix\u00f2 significa que la disponibilitat d&#8217;aquests centres sempre dependr\u00e0 de l&#8217;oferta que es faci des del Departament.<\/p>\n","protected":false},"excerpt":{"rendered":"<p>En el sistema universitari espanyol les titulacions de grau habiliten per a l&#8217;exercici professional. En canvi, els m\u00e0sters universitaris ofereixen una formaci\u00f3 avan\u00e7ada, de car\u00e0cter especialitzat o multidisciplinari, orientada a l&#8217;especialitzaci\u00f3 acad\u00e8mica o professional, o b\u00e9 a promoure la iniciaci\u00f3 en tasques de recerca. Per tant, el m\u00e0ster universitari de Dificultats de l&#8217;Aprenentatge i Trastorns [&hellip;]<\/p>\n","protected":false},"author":1,"featured_media":0,"parent":0,"menu_order":0,"comment_status":"closed","ping_status":"closed","template":"","meta":[],"_links":{"self":[{"href":"http:\/\/guia-practicum-dificultats-aprenentatge-test.recursos.uoc.edu\/guia-estudiantes\/wp-json\/wp\/v2\/pages\/150"}],"collection":[{"href":"http:\/\/guia-practicum-dificultats-aprenentatge-test.recursos.uoc.edu\/guia-estudiantes\/wp-json\/wp\/v2\/pages"}],"about":[{"href":"http:\/\/guia-practicum-dificultats-aprenentatge-test.recursos.uoc.edu\/guia-estudiantes\/wp-json\/wp\/v2\/types\/page"}],"author":[{"embeddable":true,"href":"http:\/\/guia-practicum-dificultats-aprenentatge-test.recursos.uoc.edu\/guia-estudiantes\/wp-json\/wp\/v2\/users\/1"}],"replies":[{"embeddable":true,"href":"http:\/\/guia-practicum-dificultats-aprenentatge-test.recursos.uoc.edu\/guia-estudiantes\/wp-json\/wp\/v2\/comments?post=150"}],"version-history":[{"count":2,"href":"http:\/\/guia-practicum-dificultats-aprenentatge-test.recursos.uoc.edu\/guia-estudiantes\/wp-json\/wp\/v2\/pages\/150\/revisions"}],"predecessor-version":[{"id":220,"href":"http:\/\/guia-practicum-dificultats-aprenentatge-test.recursos.uoc.edu\/guia-estudiantes\/wp-json\/wp\/v2\/pages\/150\/revisions\/220"}],"wp:attachment":[{"href":"http:\/\/guia-practicum-dificultats-aprenentatge-test.recursos.uoc.edu\/guia-estudiantes\/wp-json\/wp\/v2\/media?parent=150"}],"curies":[{"name":"wp","href":"https:\/\/api.w.org\/{rel}","templated":true}]}}